f 748 and 5808?
44
What is the highest common divisor of 323407 and 11796?
983
Calculate the greatest common divisor of 8141 and 63.
7
Calculate the highest common divisor of 50 and 4680.
10
What is the highest common factor of 24106 and 3978?
34
Calculate the highest common divisor of 11502 and 426.
426
Calculate the highest common factor of 412 and 25408.
4
What is the greatest common factor of 111 and 58645?
37
What is the highest common factor of 647961 and 6233?
271
What is the greatest common divisor of 7 and 11599?
7
What is the highest common divisor of 63 and 102078?
9
What is the greatest common divisor of 91 and 2514031?
13
Calculate the highest common factor of 56 and 3768548.
28
Calculate the greatest common factor of 10944 and 52992.
576
What is the greatest common factor of 12882 and 150?
6
What is the highest common factor of 7411830 and 170?
170
Calculate the highest common factor of 48302 and 10.
2
What is the greatest common factor of 1024 and 3008?
64
What is the highest common divisor of 2033238 and 6657?
951
What is the highest common factor of 195 and 8515?
65
Calculate the highest common divisor of 2670 and 7654.
178
Calculate the highest common divisor of 11120 and 6811.
139
Calculate the greatest common factor of 114 and 2869.
19
Calculate the greatest common divisor of 1695 and 3840.
15
Calculate the greatest common factor of 22 and 887238.
22
What is the highest common divisor of 21 and 207627?
21
Calculate the highest common factor of 143 and 904761.
143
Calculate the highest common factor of 199848 and 4752.
264
Calculate the greatest common divisor of 8 and 95048.
8
What is the highest common divisor of 4 and 226955?
1
What is the greatest common factor of 76 and 41857?
19
What is the greatest common divisor of 38 and 34333?
19
What is the greatest common factor of 144921 and 469?
469
What is the greatest common factor of 2312 and 625396?
1156
What is the greatest common factor of 394432 and 64?
64
Calculate the highest common divisor of 4655 and 551.
19
Calculate the highest common factor of 18 and 430740.
18
Calculate the highest common factor of 8162 and 2464.
154
Calculate the greatest common divisor of 7408 and 233815.
463
What is the greatest common divisor of 11580 and 5597?
193
Calculate the highest common divisor of 292698 and 378.
126
What is the greatest common factor of 2314 and 48950?
178
What is the highest common factor of 8640 and 14994?
18
Calculate the greatest common factor of 4453 and 1898.
73
Calculate the highest common factor of 50 and 84275.
25
What is the highest common factor of 732 and 4209?
183
What is the greatest common divisor of 802247 and 102?
17
Calculate the greatest common divisor of 111 and 119362.
37
Calculate the greatest common divisor of 125 and 41100.
25
Calculate the highest common factor of 670 and 812040.
670
Calculate the greatest common divisor of 474 and 439240.
158
What is the highest common divisor of 8 and 131932?
4
What is the greatest common divisor of 245 and 14079905?
245
What is the greatest common factor of 9295 and 110?
55
What is the highest common factor of 24299 and 253?
11
What is the greatest common divisor of 126302 and 66?
22
Calculate the greatest common divisor of 5 and 41155.
5
What is the greatest common factor of 5696 and 9434?
178
Calculate the greatest common divisor of 686150 and 50.
50
Calculate the greatest common divisor of 772 and 118.
2
What is the greatest common divisor of 385314 and 6?
6
What is the highest common factor of 117260 and 9460?
220
What is the highest common divisor of 729 and 5211?
27
Calculate the greatest common factor of 704 and 158488.
88
Calculate the highest common divisor of 1705 and 2294.
31
What is the highest common divisor of 922 and 632953?
461
What is the highest common factor of 2544636 and 159?
159
Calculate the greatest common divisor of 34513 and 5.
1
Calculate the greatest common factor of 1037 and 13237.
61
Calculate the highest common factor of 36010 and 390.
130
What is the highest common factor of 15606 and 450?
18
What is the greatest common divisor of 3669 and 12?
3
What is the highest common divisor of 389415 and 2145?
195
Calculate the highest common divisor of 660 and 1510080.
660
Calculate the highest common divisor of 28731 and 5002.
61
What is the greatest common divisor of 36 and 263799?
9
What is the highest common factor of 2914 and 76694?
62
Calculate the highest common divisor of 15818 and 187.
11
What is the highest common factor of 532 and 2337?
19
What is the greatest common divisor of 1875 and 11595?
15
What is the highest common factor of 928 and 39208?
232
What is the greatest common divisor of 42011 and 129?
43
Calculate the greatest common divisor of 5954936 and 104.
104
What is the greatest common factor of 1524931 and 1?
1
Calculate the greatest common divisor of 64260 and 1764.
252
Calculate the greatest common divisor of 1897 and 2513.
7
Calculate the highest common factor of 1741 and 7.
1
Calculate the highest common divisor of 3917040 and 240.
240
What is the greatest common factor of 158895 and 428?
107
Calculate the greatest common divisor of 236032 and 1383.
461
What is the greatest common factor of 54520 and 2465?
145
What is the greatest common factor of 1952 and 30561?
61
Calculate the highest common factor of 72 and 37016.
8
Calculate the highest common divisor of 236 and 57643.
59
What is the highest common factor of 5814 and 702?
18
What is the highest common factor of 262 and 333133?
131
What is the highest common factor of 868 and 224?
28
Calculate the highest common factor of 688 and 1072.
16
Calculate the highest common divisor of 2431550 and 88.
22
Calculate the highest common divisor of 43166 and 764.
382
Calculate the highest common factor of 333672 and 16.
8
Calculate the greatest common divisor of 9525 and 3675.
75
Calculate the highest common divisor of 24503 and 147247.
229
What is the highest common factor of 234408 and 120?
24
Calculate the highest common divisor of 5313 and 45793.
253
What is the highest common divisor of 8952 and 11304?
24
Calculate the highest common factor of 984 and 276.
12
Calculate the highest common divisor of 1052 and 15976724.
1052
What is the highest common factor of 232416 and 270?
54
Calculate the highest common factor of 6412 and 1974.
14
What is the greatest common divisor of 26200 and 1000?
200
What is the greatest common factor of 2129661 and 1161?
387
Calculate the greatest common factor of 17355 and 663.
39
What is the greatest common divisor of 292 and 160746?
146
Calculate the greatest common divisor of 130 and 16050.
10
Calculate the greatest common factor of 242 and 25531.
121
What is the highest common divisor of 5181 and 1758243?
471
What is the highest common factor of 350027 and 541?
541
Calculate the greatest common factor of 36294 and 823716.
1578
What is the greatest common factor of 3151 and 178237?
137
Calculate the greatest common divisor of 1639 and 14155.
149
Calculate the highest common factor of 2397710 and 280.
70
What is the greatest common factor of 14701 and 16470?
61
Calculate the greatest common divisor of 56 and 122456.
8
What is the highest common divisor of 17344 and 768?
64
Calculate the greatest common divisor of 966 and 3528.
42
Calculate the greatest common divisor of 4725 and 63525.
525
Calculate the greatest common divisor of 13 and 77753.
13
What is the greatest common divisor of 70 and 101290?
70
Calculate the highest common divisor of 8415 and 78795.
765
What is the greatest common factor of 309 and 216094?
103
Calculate the greatest common divisor of 240 and 442210.
10
Calculate the greatest common divisor of 363682 and 244.
122
Calculate the highest common factor of 35524 and 52.
4
What is the greatest common divisor of 230 and 177974?
46
Calculate the highest common factor of 304482 and 70391.
1637
What is the highest common divisor of 54 and 334002?
6
What is the highest common divisor of 15 and 295548?
3
Calculate the greatest common divisor of 221550 and 422.
422
What is the greatest common factor of 189 and 9723?
21
What is the highest common factor of 144 and 450711?
9
Calculate the greatest common factor of 127495 and 215.
215
Calculate the greatest common factor of